[INFO] cloning repository https://github.com/chanmix51/ztl_note
[INFO] running `Command { std: "git" "-c" "credential.helper=" "-c" "credential.helper=/workspace/cargo-home/bin/git-credential-null" "clone" "--bare" "https://github.com/chanmix51/ztl_note" "/workspace/cache/git-repos/https%3A%2F%2Fgithub.com%2Fchanmix51%2Fztl_note", kill_on_drop: false }`
[INFO] [stderr] Cloning into bare repository '/workspace/cache/git-repos/https%3A%2F%2Fgithub.com%2Fchanmix51%2Fztl_note'...
[INFO] running `Command { std: "git" "rev-parse" "HEAD", kill_on_drop: false }`
[INFO] [stdout] dbbc2a2f89c33a9d8bce2a728158743ad83d5bb6
[INFO] checking chanmix51/ztl_note against master#9610dfe5a9a731ced1ea4923ecbd0c57fe367898 for beta-170-4
[INFO] running `Command { std: "git" "clone" "/workspace/cache/git-repos/https%3A%2F%2Fgithub.com%2Fchanmix51%2Fztl_note" "/workspace/builds/worker-3-tc1/source", kill_on_drop: false }`
[INFO] [stderr] Cloning into '/workspace/builds/worker-3-tc1/source'...
[INFO] [stderr] done.
[INFO] validating manifest of git repo https://github.com/chanmix51/ztl_note on toolchain 9610dfe5a9a731ced1ea4923ecbd0c57fe367898
[INFO] running `Command { std: CARGO_HOME="/workspace/cargo-home" RUSTUP_HOME="/workspace/rustup-home" "/workspace/cargo-home/bin/cargo" "+9610dfe5a9a731ced1ea4923ecbd0c57fe367898" "metadata" "--manifest-path" "Cargo.toml" "--no-deps", kill_on_drop: false }`
[INFO] started tweaking git repo https://github.com/chanmix51/ztl_note
[INFO] finished tweaking git repo https://github.com/chanmix51/ztl_note
[INFO] tweaked toml for git repo https://github.com/chanmix51/ztl_note written to /workspace/builds/worker-3-tc1/source/Cargo.toml
[INFO] crate git repo https://github.com/chanmix51/ztl_note already has a lockfile, it will not be regenerated
[INFO] running `Command { std: CARGO_HOME="/workspace/cargo-home" RUSTUP_HOME="/workspace/rustup-home" "/workspace/cargo-home/bin/cargo" "+9610dfe5a9a731ced1ea4923ecbd0c57fe367898" "fetch" "--manifest-path" "Cargo.toml", kill_on_drop: false }`
[INFO] [stderr]     Updating crates.io index
[INFO] [stderr]  Downloading crates ...
[INFO] [stderr]   Downloaded codegen v0.1.3
[INFO] [stderr]   Downloaded iana-time-zone v0.1.49
[INFO] [stderr]   Downloaded libpq v3.0.0
[INFO] [stderr]   Downloaded tuple_len v1.0.0
[INFO] [stderr]   Downloaded elephantry-derive v3.0.0
[INFO] [stderr]   Downloaded libpq-sys v0.6.0
[INFO] [stderr]   Downloaded elephantry v3.0.0
[INFO] running `Command { std: "docker" "create" "-v" "/var/lib/crater-agent-workspace/builds/worker-3-tc1/target:/opt/rustwide/target:rw,Z" "-v" "/var/lib/crater-agent-workspace/builds/worker-3-tc1/source:/opt/rustwide/workdir:ro,Z" "-v" "/var/lib/crater-agent-workspace/cargo-home:/opt/rustwide/cargo-home:ro,Z" "-v" "/var/lib/crater-agent-workspace/rustup-home:/opt/rustwide/rustup-home:ro,Z" "-e" "SOURCE_DIR=/opt/rustwide/workdir" "-e" "CARGO_TARGET_DIR=/opt/rustwide/target" "-e" "CARGO_HOME=/opt/rustwide/cargo-home" "-e" "RUSTUP_HOME=/opt/rustwide/rustup-home" "-w" "/opt/rustwide/workdir" "-m" "1610612736" "--user" "0:0" "--network" "none" "ghcr.io/rust-lang/crates-build-env/linux@sha256:5ff2268d62e97bff2cde7d5815dd6ed5b47097566f13b8d0ca110b04b60e07ed" "/opt/rustwide/cargo-home/bin/cargo" "+9610dfe5a9a731ced1ea4923ecbd0c57fe367898" "metadata" "--no-deps" "--format-version=1", kill_on_drop: false }`
[INFO] [stdout] 4977f18737811616329e847121cf63887324176692b903fe9f28f4c168595383
[INFO] running `Command { std: "docker" "start" "-a" "4977f18737811616329e847121cf63887324176692b903fe9f28f4c168595383", kill_on_drop: false }`
[INFO] running `Command { std: "docker" "inspect" "4977f18737811616329e847121cf63887324176692b903fe9f28f4c168595383", kill_on_drop: false }`
[INFO] running `Command { std: "docker" "rm" "-f" "4977f18737811616329e847121cf63887324176692b903fe9f28f4c168595383", kill_on_drop: false }`
[INFO] [stdout] 4977f18737811616329e847121cf63887324176692b903fe9f28f4c168595383
[INFO] running `Command { std: "docker" "create" "-v" "/var/lib/crater-agent-workspace/builds/worker-3-tc1/target:/opt/rustwide/target:rw,Z" "-v" "/var/lib/crater-agent-workspace/builds/worker-3-tc1/source:/opt/rustwide/workdir:ro,Z" "-v" "/var/lib/crater-agent-workspace/cargo-home:/opt/rustwide/cargo-home:ro,Z" "-v" "/var/lib/crater-agent-workspace/rustup-home:/opt/rustwide/rustup-home:ro,Z" "-e" "SOURCE_DIR=/opt/rustwide/workdir" "-e" "CARGO_TARGET_DIR=/opt/rustwide/target" "-e" "CARGO_INCREMENTAL=0" "-e" "RUST_BACKTRACE=full" "-e" "RUSTFLAGS=--cap-lints=forbid" "-e" "RUSTDOCFLAGS=--cap-lints=forbid" "-e" "CARGO_HOME=/opt/rustwide/cargo-home" "-e" "RUSTUP_HOME=/opt/rustwide/rustup-home" "-w" "/opt/rustwide/workdir" "-m" "1610612736" "--user" "0:0" "--network" "none" "ghcr.io/rust-lang/crates-build-env/linux@sha256:5ff2268d62e97bff2cde7d5815dd6ed5b47097566f13b8d0ca110b04b60e07ed" "/opt/rustwide/cargo-home/bin/cargo" "+9610dfe5a9a731ced1ea4923ecbd0c57fe367898" "check" "--frozen" "--all" "--all-targets" "--message-format=json", kill_on_drop: false }`
[INFO] [stdout] 8aeee9ede730315ff997ef01581253c9a65837508dc38c0c1552296e0a958766
[INFO] running `Command { std: "docker" "start" "-a" "8aeee9ede730315ff997ef01581253c9a65837508dc38c0c1552296e0a958766", kill_on_drop: false }`
[INFO] [stderr]    Compiling proc-macro2 v1.0.42
[INFO] [stderr]    Compiling unicode-ident v1.0.2
[INFO] [stderr]    Compiling syn v1.0.98
[INFO] [stderr]    Compiling glob v0.3.0
[INFO] [stderr]    Compiling regex-syntax v0.6.27
[INFO] [stderr]    Compiling unicode-width v0.1.9
[INFO] [stderr]    Compiling humantime v2.1.0
[INFO] [stderr]    Compiling bitflags v1.3.2
[INFO] [stderr]    Compiling memchr v2.5.0
[INFO] [stderr]    Compiling libc v0.2.126
[INFO] [stderr]    Compiling log v0.4.17
[INFO] [stderr]    Compiling libloading v0.7.3
[INFO] [stderr]    Compiling vec_map v0.8.2
[INFO] [stderr]    Compiling nom v5.1.2
[INFO] [stderr]    Compiling ansi_term v0.12.1
[INFO] [stderr]    Compiling termcolor v1.1.3
[INFO] [stderr]    Compiling strsim v0.8.0
[INFO] [stderr]    Compiling bindgen v0.57.0
[INFO] [stderr]    Compiling textwrap v0.11.0
[INFO] [stderr]    Compiling shlex v0.1.1
[INFO] [stderr]    Compiling lazy_static v1.4.0
[INFO] [stderr]    Compiling peeking_take_while v0.1.2
[INFO] [stderr]    Compiling lazycell v1.3.0
[INFO] [stderr]    Compiling rustc-hash v1.1.0
[INFO] [stderr]     Checking getrandom v0.2.7
[INFO] [stderr]    Compiling num-traits v0.2.15
[INFO] [stderr]    Compiling serde v1.0.140
[INFO] [stderr]     Checking aho-corasick v0.7.18
[INFO] [stderr]    Compiling serde_json v1.0.82
[INFO] [stderr]    Compiling serde_derive v1.0.140
[INFO] [stderr]     Checking time v0.1.44
[INFO] [stderr]     Checking bytes v1.2.0
[INFO] [stderr]     Checking rand_core v0.6.3
[INFO] [stderr]     Checking ryu v1.0.10
[INFO] [stderr]     Checking iana-time-zone v0.1.49
[INFO] [stderr]    Compiling clang-sys v1.3.3
[INFO] [stderr]     Checking rand_chacha v0.3.1
[INFO] [stderr]     Checking itoa v1.0.2
[INFO] [stderr]    Compiling atty v0.2.14
[INFO] [stderr]    Compiling which v3.1.1
[INFO] [stderr]    Compiling clap v2.34.0
[INFO] [stderr]     Checking rand v0.8.5
[INFO] [stderr]     Checking tuple_len v1.0.0
[INFO] [stderr]    Compiling quote v1.0.20
[INFO] [stderr]     Checking num-integer v0.1.45
[INFO] [stderr]     Checking chrono v0.4.22
[INFO] [stderr]     Checking regex v1.6.0
[INFO] [stderr]    Compiling cexpr v0.4.0
[INFO] [stderr]    Compiling env_logger v0.8.4
[INFO] [stderr]    Compiling thiserror-impl v1.0.31
[INFO] [stderr]    Compiling uuid-macro-internal v1.1.2
[INFO] [stderr]    Compiling elephantry-derive v3.0.0
[INFO] [stderr]     Checking uuid v1.1.2
[INFO] [stderr]     Checking thiserror v1.0.31
[INFO] [stderr]    Compiling libpq-sys v0.6.0
[INFO] [stderr]     Checking libpq v3.0.0
[INFO] [stderr]     Checking elephantry v3.0.0
[INFO] [stderr]     Checking ztl_note v0.1.0 (/opt/rustwide/workdir)
[INFO] [stdout] warning: unused import: `anyhow::Result`
[INFO] [stdout]  --> src/lib.rs:1:5
[INFO] [stdout]   |
[INFO] [stdout] 1 | use anyhow::Result;
[INFO] [stdout]   |     ^^^^^^^^^^^^^^
[INFO] [stdout]   |
[INFO] [stdout]   = note: `#[warn(unused_imports)]` on by default
[INFO] [stdout] 
[INFO] [stdout] 
[INFO] [stdout] warning: unused import: `anyhow::Result`
[INFO] [stdout]  --> src/lib.rs:1:5
[INFO] [stdout]   |
[INFO] [stdout] 1 | use anyhow::Result;
[INFO] [stdout]   |     ^^^^^^^^^^^^^^
[INFO] [stdout]   |
[INFO] [stdout]   = note: `#[warn(unused_imports)]` on by default
[INFO] [stdout] 
[INFO] [stdout] 
[INFO] [stdout] warning: unused variable: `name`
[INFO] [stdout]   --> src/ztln_session.rs:24:34
[INFO] [stdout]    |
[INFO] [stdout] 24 |     pub fn create_thinker(&self, name: &str) -> Result<Thinker> {
[INFO] [stdout]    |                                  ^^^^ help: if this is intentional, prefix it with an underscore: `_name`
[INFO] [stdout]    |
[INFO] [stdout]    = note: `#[warn(unused_variables)]` on by default
[INFO] [stdout] 
[INFO] [stdout] 
[INFO] [stdout] warning: multiple fields are never read
[INFO] [stdout]   --> src/lib.rs:29:5
[INFO] [stdout]    |
[INFO] [stdout] 28 | pub struct Thought {
[INFO] [stdout]    |            ------- fields in this struct
[INFO] [stdout] 29 |     thought_id: Uuid,
[INFO] [stdout]    |     ^^^^^^^^^^
[INFO] [stdout] 30 |     thinker_id: Uuid,
[INFO] [stdout]    |     ^^^^^^^^^^
[INFO] [stdout] 31 |     organization_id: Uuid,
[INFO] [stdout]    |     ^^^^^^^^^^^^^^^
[INFO] [stdout] 32 |     parent_thought_id: Option<Uuid>,
[INFO] [stdout]    |     ^^^^^^^^^^^^^^^^^
[INFO] [stdout] 33 |     created_at: DateTime<Utc>,
[INFO] [stdout]    |     ^^^^^^^^^^
[INFO] [stdout] 34 |     content: String,
[INFO] [stdout]    |     ^^^^^^^
[INFO] [stdout] 35 |     medias: String,
[INFO] [stdout]    |     ^^^^^^
[INFO] [stdout] 36 |     tags: String,
[INFO] [stdout]    |     ^^^^
[INFO] [stdout]    |
[INFO] [stdout]    = note: `Thought` has derived impls for the traits `Clone` and `Debug`, but these are intentionally ignored during dead code analysis
[INFO] [stdout]    = note: `#[warn(dead_code)]` on by default
[INFO] [stdout] 
[INFO] [stdout] 
[INFO] [stdout] warning: fields `organization_id`, `owner_id`, `name`, `description`, `is_personal`, and `is_private` are never read
[INFO] [stdout]   --> src/lib.rs:65:5
[INFO] [stdout]    |
[INFO] [stdout] 64 | pub struct Organization {
[INFO] [stdout]    |            ------------ fields in this struct
[INFO] [stdout] 65 |     organization_id: Uuid,
[INFO] [stdout]    |     ^^^^^^^^^^^^^^^
[INFO] [stdout] 66 |     owner_id: Uuid,
[INFO] [stdout]    |     ^^^^^^^^
[INFO] [stdout] 67 |     name: String,
[INFO] [stdout]    |     ^^^^
[INFO] [stdout] 68 |     description: String,
[INFO] [stdout]    |     ^^^^^^^^^^^
[INFO] [stdout] 69 |     is_personal: bool,
[INFO] [stdout]    |     ^^^^^^^^^^^
[INFO] [stdout] 70 |     is_private: bool,
[INFO] [stdout]    |     ^^^^^^^^^^
[INFO] [stdout]    |
[INFO] [stdout]    = note: `Organization` has derived impls for the traits `Clone` and `Debug`, but these are intentionally ignored during dead code analysis
[INFO] [stdout] 
[INFO] [stdout] 
[INFO] [stdout] warning: field `connection` is never read
[INFO] [stdout]  --> src/ztln_session.rs:7:5
[INFO] [stdout]   |
[INFO] [stdout] 6 | pub struct ZtlNoteSession {
[INFO] [stdout]   |            -------------- field in this struct
[INFO] [stdout] 7 |     connection: Connection,
[INFO] [stdout]   |     ^^^^^^^^^^
[INFO] [stdout] 
[INFO] [stdout] 
[INFO] [stdout] warning: variant `Database` is never constructed
[INFO] [stdout]   --> src/ztln_session.rs:13:5
[INFO] [stdout]    |
[INFO] [stdout] 11 | enum ZtlNoteSessionError {
[INFO] [stdout]    |      ------------------- variant in this enum
[INFO] [stdout] 12 |     #[error("database error: {context} (original error: {error:?}")]
[INFO] [stdout] 13 |     Database {
[INFO] [stdout]    |     ^^^^^^^^
[INFO] [stdout]    |
[INFO] [stdout]    = note: `ZtlNoteSessionError` has a derived impl for the trait `Debug`, but this is intentionally ignored during dead code analysis
[INFO] [stdout] 
[INFO] [stdout] 
[INFO] [stdout] warning: method `Thought` should have a snake case name
[INFO] [stdout]   --> src/lib.rs:40:12
[INFO] [stdout]    |
[INFO] [stdout] 40 |     pub fn Thought(
[INFO] [stdout]    |            ^^^^^^^ help: convert the identifier to snake case: `thought`
[INFO] [stdout]    |
[INFO] [stdout]    = note: `#[warn(non_snake_case)]` on by default
[INFO] [stdout] 
[INFO] [stdout] 
[INFO] [stdout] warning: 7 warnings emitted
[INFO] [stdout] 
[INFO] [stdout] 
[INFO] [stdout] warning: unused variable: `name`
[INFO] [stdout]   --> src/ztln_session.rs:24:34
[INFO] [stdout]    |
[INFO] [stdout] 24 |     pub fn create_thinker(&self, name: &str) -> Result<Thinker> {
[INFO] [stdout]    |                                  ^^^^ help: if this is intentional, prefix it with an underscore: `_name`
[INFO] [stdout]    |
[INFO] [stdout]    = note: `#[warn(unused_variables)]` on by default
[INFO] [stdout] 
[INFO] [stdout] 
[INFO] [stdout] warning: multiple fields are never read
[INFO] [stdout]   --> src/lib.rs:29:5
[INFO] [stdout]    |
[INFO] [stdout] 28 | pub struct Thought {
[INFO] [stdout]    |            ------- fields in this struct
[INFO] [stdout] 29 |     thought_id: Uuid,
[INFO] [stdout]    |     ^^^^^^^^^^
[INFO] [stdout] 30 |     thinker_id: Uuid,
[INFO] [stdout]    |     ^^^^^^^^^^
[INFO] [stdout] 31 |     organization_id: Uuid,
[INFO] [stdout]    |     ^^^^^^^^^^^^^^^
[INFO] [stdout] 32 |     parent_thought_id: Option<Uuid>,
[INFO] [stdout]    |     ^^^^^^^^^^^^^^^^^
[INFO] [stdout] 33 |     created_at: DateTime<Utc>,
[INFO] [stdout]    |     ^^^^^^^^^^
[INFO] [stdout] 34 |     content: String,
[INFO] [stdout]    |     ^^^^^^^
[INFO] [stdout] 35 |     medias: String,
[INFO] [stdout]    |     ^^^^^^
[INFO] [stdout] 36 |     tags: String,
[INFO] [stdout]    |     ^^^^
[INFO] [stdout]    |
[INFO] [stdout]    = note: `Thought` has derived impls for the traits `Clone` and `Debug`, but these are intentionally ignored during dead code analysis
[INFO] [stdout]    = note: `#[warn(dead_code)]` on by default
[INFO] [stdout] 
[INFO] [stdout] 
[INFO] [stdout] warning: fields `organization_id`, `owner_id`, `name`, `description`, `is_personal`, and `is_private` are never read
[INFO] [stdout]   --> src/lib.rs:65:5
[INFO] [stdout]    |
[INFO] [stdout] 64 | pub struct Organization {
[INFO] [stdout]    |            ------------ fields in this struct
[INFO] [stdout] 65 |     organization_id: Uuid,
[INFO] [stdout]    |     ^^^^^^^^^^^^^^^
[INFO] [stdout] 66 |     owner_id: Uuid,
[INFO] [stdout]    |     ^^^^^^^^
[INFO] [stdout] 67 |     name: String,
[INFO] [stdout]    |     ^^^^
[INFO] [stdout] 68 |     description: String,
[INFO] [stdout]    |     ^^^^^^^^^^^
[INFO] [stdout] 69 |     is_personal: bool,
[INFO] [stdout]    |     ^^^^^^^^^^^
[INFO] [stdout] 70 |     is_private: bool,
[INFO] [stdout]    |     ^^^^^^^^^^
[INFO] [stdout]    |
[INFO] [stdout]    = note: `Organization` has derived impls for the traits `Clone` and `Debug`, but these are intentionally ignored during dead code analysis
[INFO] [stdout] 
[INFO] [stdout] 
[INFO] [stdout] warning: field `connection` is never read
[INFO] [stdout]  --> src/ztln_session.rs:7:5
[INFO] [stdout]   |
[INFO] [stdout] 6 | pub struct ZtlNoteSession {
[INFO] [stdout]   |            -------------- field in this struct
[INFO] [stdout] 7 |     connection: Connection,
[INFO] [stdout]   |     ^^^^^^^^^^
[INFO] [stdout] 
[INFO] [stdout] 
[INFO] [stdout] warning: variant `Database` is never constructed
[INFO] [stdout]   --> src/ztln_session.rs:13:5
[INFO] [stdout]    |
[INFO] [stdout] 11 | enum ZtlNoteSessionError {
[INFO] [stdout]    |      ------------------- variant in this enum
[INFO] [stdout] 12 |     #[error("database error: {context} (original error: {error:?}")]
[INFO] [stdout] 13 |     Database {
[INFO] [stdout]    |     ^^^^^^^^
[INFO] [stdout]    |
[INFO] [stdout]    = note: `ZtlNoteSessionError` has a derived impl for the trait `Debug`, but this is intentionally ignored during dead code analysis
[INFO] [stdout] 
[INFO] [stdout] 
[INFO] [stdout] warning: method `Thought` should have a snake case name
[INFO] [stdout]   --> src/lib.rs:40:12
[INFO] [stdout]    |
[INFO] [stdout] 40 |     pub fn Thought(
[INFO] [stdout]    |            ^^^^^^^ help: convert the identifier to snake case: `thought`
[INFO] [stdout]    |
[INFO] [stdout]    = note: `#[warn(non_snake_case)]` on by default
[INFO] [stdout] 
[INFO] [stdout] 
[INFO] [stdout] warning: 7 warnings emitted
[INFO] [stdout] 
[INFO] [stdout] 
[INFO] [stdout] warning: unused import: `elephantry::Connection`
[INFO] [stdout]  --> src/main.rs:1:5
[INFO] [stdout]   |
[INFO] [stdout] 1 | use elephantry::Connection;
[INFO] [stdout]   |     ^^^^^^^^^^^^^^^^^^^^^^
[INFO] [stdout]   |
[INFO] [stdout]   = note: `#[warn(unused_imports)]` on by default
[INFO] [stdout] 
[INFO] [stdout] 
[INFO] [stdout] warning: 1 warning emitted
[INFO] [stdout] 
[INFO] [stdout] 
[INFO] [stdout] warning: unused import: `elephantry::Connection`
[INFO] [stdout]  --> src/main.rs:1:5
[INFO] [stdout]   |
[INFO] [stdout] 1 | use elephantry::Connection;
[INFO] [stdout]   |     ^^^^^^^^^^^^^^^^^^^^^^
[INFO] [stdout]   |
[INFO] [stdout]   = note: `#[warn(unused_imports)]` on by default
[INFO] [stdout] 
[INFO] [stdout] 
[INFO] [stdout] warning: 1 warning emitted
[INFO] [stdout] 
[INFO] [stdout] 
[INFO] [stdout] error[E0425]: cannot find function `get_permanent_notes` in this scope
[INFO] [stdout]   --> tests/list_notes.rs:15:17
[INFO] [stdout]    |
[INFO] [stdout] 15 |     for note in get_permanent_notes(5, &thinker) {
[INFO] [stdout]    |                 ^^^^^^^^^^^^^^^^^^^ not found in this scope
[INFO] [stdout] 
[INFO] [stdout] 
[INFO] [stdout] error[E0599]: no method named `save_permanent_note` found for struct `ZtlNoteSession` in the current scope
[INFO] [stdout]   --> tests/list_notes.rs:17:14
[INFO] [stdout]    |
[INFO] [stdout] 16 | /         open_mind_session
[INFO] [stdout] 17 | |             .save_permanent_note(&note)
[INFO] [stdout]    | |             -^^^^^^^^^^^^^^^^^^^ method not found in `ZtlNoteSession`
[INFO] [stdout]    | |_____________|
[INFO] [stdout]    | 
[INFO] [stdout] 
[INFO] [stdout] 
[INFO] [stdout] error[E0599]: no method named `get_permanent_notes` found for struct `ZtlNoteSession` in the current scope
[INFO] [stdout]   --> tests/list_notes.rs:21:10
[INFO] [stdout]    |
[INFO] [stdout] 20 |       let notes = open_mind_session
[INFO] [stdout]    |  _________________-
[INFO] [stdout] 21 | |         .get_permanent_notes()
[INFO] [stdout]    | |         -^^^^^^^^^^^^^^^^^^^ method not found in `ZtlNoteSession`
[INFO] [stdout]    | |_________|
[INFO] [stdout]    | 
[INFO] [stdout] 
[INFO] [stdout] 
[INFO] [stdout] error: aborting due to 3 previous errors
[INFO] [stdout] 
[INFO] [stdout] 
[INFO] [stdout] Some errors have detailed explanations: E0425, E0599.
[INFO] [stdout] 
[INFO] [stdout] For more information about an error, try `rustc --explain E0425`.
[INFO] [stdout] 
[INFO] [stderr] error: could not compile `ztl_note` (test "list_notes") due to 4 previous errors
[INFO] running `Command { std: "docker" "inspect" "8aeee9ede730315ff997ef01581253c9a65837508dc38c0c1552296e0a958766", kill_on_drop: false }`
[INFO] running `Command { std: "docker" "rm" "-f" "8aeee9ede730315ff997ef01581253c9a65837508dc38c0c1552296e0a958766", kill_on_drop: false }`
[INFO] [stdout] 8aeee9ede730315ff997ef01581253c9a65837508dc38c0c1552296e0a958766
